n - 4/10. Calculate the greatest common divisor of o and 1.
1
Let l(p) = -p**3 - 2*p**2 - 5*p - 8. Let v be l(-4). What is the greatest common divisor of v and 22?
22
Let s = 3 + 2. What is the highest common divisor of 5 and s?
5
Suppose -d - d - 82 = 0. Let k = -26 - d. Calculate the greatest common divisor of k and 105.
15
Let f = 18 - 4. What is the greatest common divisor of 21 and f?
7
Let n(g) = 3*g**3 + 2*g**2 - 2*g - 1. Let z be 60/25 - (-4)/(-10). Let y be n(z). What is the highest common factor of y and 9?
9
Let t = -4 - -10. Let c be (-1675)/(-30) - (-1)/t. What is the greatest common divisor of c and 14?
14
Let s = 66 - -92. Suppose -2*n + 30 + s = 0. Suppose 4*q = n + 34. Calculate the greatest common factor of 8 and q.
8
Let g(b) = -3*b + 13. Let p be g(4). Let v be 6/9*(0 - -3). Suppose 12 = l + v*l. Calculate the greatest common factor of p and l.
1
Suppose 4*k = k + 432. Let r = -10 - -6. Let j(b) = -5*b - 2. Let s be j(r). Calculate the highest common factor of s and k.
18
Let p = 4 - -9. Suppose -3*a = 5*d - 47, 2*d - 2*a - 9 = p. What is the highest common divisor of d and 40?
10
Let o(m) = -m**3 + 3. Let w be o(0). Suppose 0 = -5*g + b - 10 - 0, b - w = -2*g. Let p be (100/12)/(g/(-3)). What is the greatest common divisor of 5 and p?
5
Let k be 3/(-6)*0/2. Suppose 5*r + o - 6*o - 60 = k, -2*r - o + 30 = 0. What is the greatest common factor of 14 and r?
14
Let w(q) = q**3 - 7*q**2 + 5*q + 9. Let z be w(6). Let v be (3/6)/((-2)/4). Let g be ((-9)/v)/(2/2). What is the highest common divisor of g and z?
3
Suppose 12 = 3*o + o. Suppose o*k - 3 = 0, -4*i + k + 25 = -2*k. Calculate the highest common divisor of 49 and i.
7
Let d(g) = g**2 + 12*g + 20. Let a be d(-12). What is the highest common factor of 4 and a?
4
Suppose 0*t = -2*t. Let s be 107 + t + 0 + -2. Calculate the highest common factor of s and 21.
21
Let c(a) = 4*a + 3*a + 15 - 6*a. Let p be c(-12). Calculate the highest common divisor of p and 12.
3
Suppose 16 = -5*v - 19. Let t = v + 63. Calculate the highest common factor of 14 and t.
14
Let q = -40 - -23. Let g = -12 - q. Calculate the highest common divisor of 40 and g.
5
Let v(q) = q**3 + 7*q**2 + 5*q + 2. Let i(p) = -1. Let s(f) = -3*i(f) + v(f). Let a be s(-4). What is the greatest common factor of 3 and a?
3
Let f(l) = -l**3 - l**2 + 4*l + 4. Let h be f(-3). Suppose -3*w + 5 - 93 = -5*m, 0 = -w + 4. Calculate the highest common factor of h and m.
10
Suppose -12*s + 51 + 9 = 0. Calculate the highest common factor of s and 65.
5
Suppose -f - 5 - 2 = 0. Let u be (-2)/f + 1356/7. Let y = u + -113. What is the highest common factor of y and 9?
9
Let y = 2 - 0. Suppose -y*c + 48 = 2*c. What is the highest common factor of 48 and c?
12
Let k = 96 + -58. What is the greatest common factor of 19 and k?
19
Let i(y) = -y**2 + y. Let z(j) = j**3 - 3*j**2 + 2*j - 56. Let a(p) = 2*i(p) - z(p). Let r be a(0). Calculate the highest common divisor of 8 and r.
8
Let m = -125 - -210. Calculate the greatest common factor of 17 and m.
17
Let q = -13 - -22. Suppose 4*m - 2*m = 162. What is the greatest common factor of q and m?
9
Suppose 4*h = -2*h + 90. What is the greatest common divisor of 120 and h?
15
Suppose 3*j = 39 + 36. Suppose 2*t + 1 + 3 = 0. Let v(l) = l**2 - l - 1. Let r be v(t). Calculate the greatest common divisor of r and j.
5
Suppose 12 = 2*p - 8. What is the highest common divisor of 230 and p?
10
Let n = -25 - -37. Let g be n/(-4) - (-28 - 2). What is the highest common factor of g and 18?
9
Suppose -x + 4*i + 2 + 14 = 0, 80 = 5*x - 4*i. Let v be 3*1*96/9. What is the highest common divisor of x and v?
16
Suppose -15 = -4*z + 5. Suppose 0 = z*x - 5*r - 265, 0 = r + 3. Calculate the highest common divisor of 20 and x.
10
Suppose 17*f = 22*f - 60. What is the highest common divisor of f and 48?
12
Let t = -7 + 35. Let x = t + -4. Calculate the greatest common divisor of 12 and x.
12
Let k = 8 - -7. Let b = k - 11. Let f(z) = -2*z + 6. Let q be f(-5). What is the greatest common divisor of q and b?
4
Let x be ((-6)/8)/((-2)/8). What is the greatest common factor of x and 9?
3
Let c be (-20)/50 + 32/5. Suppose -24 = -2*h - c. Let u(n) = 3*n**2 - n - 1. Let s be u(2). Calculate the greatest common factor of s and h.
9
Let a = 29 - 19. Let s be ((-30)/4)/(14/(-28)). Calculate the highest common divisor of a and s.
5
Suppose 22 = -0*c + 2*c - 2*q, -5*c = 2*q - 62. Suppose 2*t - 14 = 34. What is the greatest common divisor of t and c?
12
Suppose -3*n = -0*n - 30. Suppose 0*w = 2*w - 110. Suppose -2*d - 2*h + 48 = 0, 4*h = 4*d - 49 - w. What is the greatest common factor of n and d?
5
Suppose -4*l + 3*l - 4*o + 27 = 0, 81 = 3*l - 5*o. What is the highest common factor of l and 3?
3
Let c be 18/(-5) + (-4)/10. Let x be 6/(-4)*c/3. Let m be (x/6)/((-1)/(-21)). Calculate the highest common factor of m and 49.
7
Suppose 5*w = -a + 170 + 22, -w + 27 = 4*a. Suppose 5*k + 52 = 9*k. Calculate the greatest common divisor of w and k.
13
Suppose -6*m - 2*s = -2*m - 8, -2*m - 4*s - 8 = 0. What is the highest common divisor of 4 and m?
4
Let z be (-10)/4*30/(-25). Let j(d) = -d - 16. Let h be j(-12). Let c = 5 + h. Calculate the highest common factor of c and z.
1
Let r = 67 - 28. Calculate the greatest common factor of r and 195.
39
Suppose -59 + 229 = 5*s. What is the highest common divisor of 17 and s?
17
Let p(j) = -44*j + 6. Let s be p(-5). Suppose 18 = -2*i + s. Calculate the greatest common factor of i and 13.
13
Suppose -3*d - 3*x = 39, 2*x = -1 - 9. Let j be -2*1*(d + 5). Let f be 1/(6/(-4) - -2). What is the greatest common divisor of j and f?
2
Suppose -4*a = -2 - 6. Let q be a/(-3) + (-154)/(-6). What is the highest common factor of 5 and q?
5
Let y be 354/(-10) + 4/10. Let w = -14 - y. What is the greatest common factor of w and 168?
21
Suppose -3*g + 39 = 3*s, 2*s - g - 38 = 3*g. Let k(d) = -3*d. Let m = -13 - -8. Let r be k(m). Calculate the greatest common factor of r and s.
15
Suppose h = 2 - 6. Let n(i) = 1. Let z(y) = -4*y + 3. Let l(a) = 2*n(a) + z(a). Let d be l(h). What is the greatest common divisor of 3 and d?
3
Let t be 2 + (-7)/(14/(-156)). Suppose -3*s = -2*s - t. Calculate the highest common divisor of 10 and s.
10
Suppose 2*t = 6*t + 2*y - 62, 4*t = -4*y + 68. Calculate the highest common factor of t and 2.
2
Let d(k) = 4*k + 16. Let j be d(4). Calculate the highest common factor of j and 4.
4
Let b(i) = i**2 + 1. Let w be b(0). Suppose 3*k - o + w = 0, 2 = 3*k - 0*o + 2*o. Let d = k + 15. Calculate the highest common divisor of 165 and d.
15
Let n be (15/(-2))/((-4)/8). Let c = n - 6. Calculate the highest common factor of 63 and c.
9
Suppose -3*q = -2*q - 166. Let i be (-2)/(-7) + q/7. Suppose -3*a + 4*m = -96, 4*a - 208 = 5*m - 79. What is the highest common factor of i and a?
12
Let j be (1 + (92 - 2))*-1. Let i = 311 + j. Let l be (8/(-10))/(52/(-50) + 1). Calculate the greatest common divisor of l and i.
20
Let k(t) = -16*t + 2. Let m be k(-3). Calculate the greatest common factor of m and 20.
10
Let m(r) = -r**3 + 7*r**2 + 8*r + 3. Suppose -3*f + 0*f = -12, 3*p + 4*f = 40. Let d be m(p). Calculate the highest common factor of d and 3.
3
Suppose d + 4*p = 37, 3*d + 5*p = 61 + 43. Suppose 5 = -3*q + 4*q. Let m be q/2 - 5/(-10). Calculate the highest common divisor of m and d.
3
Let i(b) be the first derivative of 17*b**3/3 + b**2/2 - b - 2. Let k be i(1). What is the highest common factor of k and 17?
17
Suppose -5*r = -r. Suppose 3*a = j - 4*j + 165, -4*a + 3*j + 185 = r. Calculate the greatest common factor of 10 and a.
10
Let s = 75 - 54. Calculate the greatest common factor of s and 147.
21
Let a = 0 + 8. Calculate the greatest common divisor of 2 and a.
2
Let p(r) = -2*r**2 - 2*r + 2. Let v be p(-2). Let g be 26*(1/2 - v). Calculate the greatest common divisor of 26 and g.
13
Suppose 2*g - 109 = 143. Calculate the greatest common factor of 14 and g.
14
Let p(n) = -3 + 7 - 2*n**2 - 5*n**2 + 3*n. Let i be p(-4). Let t = i - -171. Calculate the highest common divisor of 34 and t.
17
Suppose -138 = -5*l + 3*t, 5*t - 7 = 13. What is the greatest common factor of 6 and l?
6
Let r = -1411 + 2348. Let y = -577 + r. Suppose -3*j - 2*j + y = 0. What is the highest common factor of j and 8?
8
Let 